reatest common factor of 36 and 4548?
12
What is the greatest common divisor of 255 and 357?
51
Calculate the greatest common factor of 96 and 120.
24
What is the highest common divisor of 364 and 84?
28
What is the highest common factor of 1696 and 32?
32
Calculate the highest common divisor of 616 and 88.
88
Calculate the highest common divisor of 2 and 106.
2
Calculate the greatest common divisor of 1458 and 72.
18
What is the highest common factor of 20 and 320?
20
What is the greatest common divisor of 36 and 300?
12
What is the greatest common factor of 63 and 3822?
21
Calculate the highest common divisor of 1700 and 2890.
170
Calculate the highest common factor of 120 and 240.
120
What is the greatest common factor of 59 and 295?
59
Calculate the greatest common factor of 9482 and 66.
22
Calculate the highest common factor of 20 and 116.
4
Calculate the highest common factor of 25 and 425.
25
What is the highest common divisor of 10595 and 325?
65
What is the highest common divisor of 378 and 9234?
54
Calculate the greatest common factor of 169 and 117.
13
What is the highest common divisor of 102 and 48?
6
Calculate the greatest common factor of 8660 and 60.
20
Calculate the highest common divisor of 22 and 22.
22
Calculate the highest common factor of 632 and 16.
8
Calculate the highest common factor of 352 and 495.
11
What is the highest common factor of 205 and 328?
41
Calculate the greatest common factor of 112 and 19908.
28
What is the greatest common factor of 837 and 341?
31
What is the greatest common divisor of 247 and 665?
19
Calculate the greatest common factor of 64 and 96.
32
Calculate the greatest common factor of 42698 and 74.
74
Calculate the greatest common divisor of 108 and 594.
54
Calculate the highest common divisor of 21 and 16.
1
What is the highest common divisor of 16254 and 43?
43
What is the highest common divisor of 9888 and 6?
6
What is the greatest common divisor of 315 and 3?
3
Calculate the highest common divisor of 12 and 2600.
4
Calculate the highest common factor of 9 and 179.
1
What is the highest common factor of 30 and 1815?
15
Calculate the greatest common factor of 378 and 28.
14
Calculate the highest common divisor of 8952 and 6.
6
What is the highest common divisor of 9 and 387?
9
Calculate the greatest common factor of 5289 and 246.
123
Calculate the highest common divisor of 100 and 750.
50
Calculate the highest common factor of 92 and 161.
23
What is the greatest common divisor of 341 and 99?
11
Calculate the highest common factor of 14246 and 34.
34
What is the highest common factor of 270 and 30?
30
What is the greatest common factor of 92 and 2484?
92
Calculate the highest common divisor of 464 and 58.
58
What is the greatest common factor of 1614 and 48?
6
What is the greatest common factor of 75 and 285?
15
Calculate the greatest common factor of 588 and 48.
12
What is the greatest common divisor of 10 and 785?
5
What is the highest common factor of 30 and 915?
15
Calculate the highest common factor of 120 and 15.
15
What is the greatest common factor of 11930 and 10?
10
What is the highest common divisor of 18 and 306?
18
What is the highest common factor of 400 and 175?
25
What is the greatest common factor of 4069 and 39?
13
Calculate the greatest common factor of 32424 and 63.
21
What is the greatest common factor of 133 and 8113?
133
What is the greatest common factor of 3 and 159?
3
What is the greatest common factor of 4480 and 245?
35
What is the greatest common divisor of 102 and 272?
34
Calculate the greatest common divisor of 45 and 1005.
15
Calculate the greatest common factor of 66 and 114.
6
What is the greatest common divisor of 14 and 574?
14
What is the highest common divisor of 54 and 1278?
18
Calculate the greatest common factor of 40 and 800.
40
Calculate the greatest common divisor of 288 and 7872.
96
What is the greatest common divisor of 195 and 104?
13
What is the highest common factor of 168 and 24?
24
What is the greatest common divisor of 100 and 125?
25
What is the greatest common divisor of 133 and 28?
7
Calculate the highest common divisor of 371 and 1218.
7
Calculate the greatest common divisor of 80 and 1340.
20
Calculate the greatest common divisor of 17 and 17.
17
Calculate the highest common divisor of 22036 and 28.
28
Calculate the greatest common factor of 258 and 19221.
129
What is the greatest common divisor of 1342 and 488?
122
Calculate the highest common divisor of 9 and 87.
3
What is the greatest common divisor of 2009 and 82?
41
What is the greatest common factor of 230 and 150?
10
Calculate the greatest common divisor of 20 and 110.
10
What is the greatest common factor of 488 and 16?
8
Calculate the highest common factor of 8917 and 37.
37
Calculate the greatest common divisor of 4 and 8.
4
Calculate the greatest common divisor of 896 and 136.
8
Calculate the highest common factor of 611 and 169.
13
Calculate the highest common factor of 102 and 68.
34
Calculate the greatest common factor of 625 and 275.
25
What is the greatest common factor of 28 and 56?
28
What is the greatest common divisor of 74 and 740?
74
Calculate the greatest common factor of 42 and 777.
21
What is the highest common divisor of 119 and 221?
17
Calculate the greatest common divisor of 646 and 51.
17
Calculate the highest common factor of 1160 and 328.
8
Calculate the greatest common divisor of 595 and 560.
35
What is the greatest common divisor of 2040 and 80?
40
What is the highest common factor of 126 and 1098?
18
What is the highest common factor of 1266 and 6?
6
Calculate the greatest common divisor of 1540 and 180.
20
What is the greatest common divisor of 351 and 27?
27
What is the highest common factor of 448 and 8?
8
What is the greatest common divisor of 231 and 4059?
33
What is the highest common factor of 45 and 2367?
9
What is the highest common factor of 1248 and 390?
78
What is the highest common factor of 6 and 360?
6
What is the highest common factor of 112 and 392?
56
What is the highest common divisor of 10 and 155?
5
Calculate the greatest common factor of 35 and 1505.
35
Calculate the highest common factor of 6831 and 198.
99
What is the greatest common factor of 170 and 1630?
10
Calculate the highest common divisor of 6727 and 56.
7
Calculate the highest common divisor of 135 and 10.
5
What is the greatest common factor of 572 and 44?
44
What is the greatest common divisor of 160 and 20?
20
Calculate the greatest common factor of 161 and 115.
23
Calculate the greatest common factor of 11520 and 45.
45
What is the highest common divisor of 176 and 2560?
16
Calculate the greatest common factor of 195 and 795.
15
Calculate the highest common divisor of 3895 and 133.
19
What is the highest common factor of 13944 and 84?
84
What is the highest common divisor of 26 and 1274?
26
What is the greatest common divisor of 280 and 120?
40
Calculate the greatest common factor of 1584 and 304.
16
Calculate the greatest common divisor of 3354 and 3096.
258
Calculate the highest common divisor of 875 and 35.
35
Calculate the highest common divisor of 430 and 20.
10
What is the greatest common divisor of 136 and 17272?
136
What is the highest common factor of 348 and 2349?
87
Calculate the greatest common factor of 790 and 40.
10
What is the greatest common divisor of 3 and 453?
3
Calculate the greatest common factor of 12354 and 116.
58
What is the highest common factor of 38 and 893?
19
Calculate the greatest common factor of 1098 and 4.
2
What is the greatest common divisor of 1265 and 1380?
115
Calculate the highest common divisor of 42 and 30.
6
Calculate the highest common factor of 8625 and 45.
15
Calculate the highest common factor of 158 and 5846.
158
Calculate the greatest common factor of 196 and 4.
4
What is the greatest common divisor of 1274 and 26?
26
What is the greatest common factor of 225 and 27?
9
What is the greatest common divisor of 126 and 189?
63
What is the greatest common divisor of 5190 and 60?
30
What is the greatest common factor of 14042 and 1190?
238
What is the greatest common factor of 208 and 26?
26
What is the highest common factor of 108 and 684?
36
Calculate the greatest common divisor of 30 and 375.
15
Calculate the highe